-29 = 5*m - 4*u, 16 = -4*m - 2*u - 2. Let b(q) = m*j(q) - z(q). Determine b(-5).
2
Let a be -4 + 3 - 1*-4. Suppose -a*v - 2 = f, -3*f = v - 3*v - 27. Let m = f + -6. Let l(r) = 11*r**2 + 1. Determine l(m).
12
Suppose -5*v + 31 = 3*b, -3*b = 3*v + 3 - 24. Let f(h) = 5*h**b + 4*h - 7*h**2 - 3*h**2 - 2*h - 1. Give f(1).
-4
Let h(r) = -3 - r**2 + 250*r - 250*r. Let t(p) = 2*p**2 - p + 5. Let g(n) = 9*h(n) + 4*t(n). Give g(-5).
-12
Let f = -15 - -9. Let k(q) = -11*q**3 - 5*q**2 - 16*q - 16. Let g(p) = -5*p**3 - 3*p**2 - 8*p - 8. Let z(l) = 9*g(l) - 4*k(l). Give z(f).
4
Let h(f) be the first derivative of f**2/2 - 2*f - 9. Determine h(4).
2
Let t(x) be the second derivative of x**3/6 - 3*x**2 + 9*x. Give t(9).
3
Let z(n) be the second derivative of -n**3/6 - n**2/2 - 3*n. Let r(p) = p**2 + 8*p + 3. Let a be r(-6). Let o = a - -5. Give z(o).
3
Let m(q) be the first derivative of q**3/3 + 2*q**2 - 5*q + 5. Give m(-4).
-5
Let o = -2 + 4. Let q(k) = k - 1. Let x(a) = -5*a + 10. Let y(c) = -5*c + 9. Let t(b) = -3*x(b) + 4*y(b). Let u(d) = -22*q(d) - 4*t(d). Determine u(o).
-6
Let c(r) be the first derivative of r**5/10 + r**2 - 2. Let z(h) be the second derivative of c(h). Let k = -9 + 10. Give z(k).
6
Let a(k) = -2*k**3 + 0 - k**3 - k**3 + 1 - k. Suppose -5*o = -f + 20, f = 2*o - 4*o - 1. Let s be (-7 + f)*2/(-4). Calculate a(s).
-4
Let u(k) = -k**3 - 3*k**2 + 1. Suppose -3 = 4*p - 23. Let t = p - 7. Give u(t).
-3
Let p(a) = a - 3. Suppose -4*j + 23 + 13 = 0. Let z be (-2)/1 - (j - 8). Calculate p(z).
-6
Suppose 3 = 4*b + j - 4, -b - 5*j - 22 = 0. Suppose -n = b*n - 20. Let o(k) = -n*k - 1 + 2*k + 2*k + 4. Calculate o(4).
-1
Let z(v) = v - 6. Let b(r) = r - 4. Suppose -22 = -5*f - g, -f - 4*g + 12 = -0*f. Let o be b(f). Determine z(o).
-6
Let d(f) = -f + 1. Let c(n) = -n + 4 - 3*n + 2*n**2 + 0*n. Let j(x) = 5*x**2 - 12*x + 12. Let r(y) = 8*c(y) - 3*j(y). Let o(t) = -3*d(t) - r(t). What is o(-1)?
1
Suppose 0 = 5*j - 15 - 0. Let u(w) = -w + 4. Determine u(j).
1
Let t(n) = n**3 + 5*n**2 - 5*n + 8. Let a be t(-6). Let f be 5 - a - (0 - 0). Let z(c) = 2*c**3 + 3*c - 3*c**3 - 3*c**2 + 5*c**2. Give z(f).
0
Let l be -1 + 3/3 - 5. Let y(b) = -b**2 - 4*b + 4. What is y(l)?
-1
Let x(n) = -n**2 - 5*n. Let i(u) = -u**3 - 9*u**2 + 2*u + 14. Let w be i(-9). Determine x(w).
4
Let h(m) = -4*m**3 - 6*m**2 + 5*m + 7. Let j(c) = -c**3 + c + 1. Let d(s) = h(s) - 5*j(s). Determine d(5).
-23
Suppose 0 = 3*w - 4 - 14. Let a(x) be the first derivative of x**3/3 - 5*x**2/2 - 3*x + 17. What is a(w)?
3
Suppose -f - 2*q = 0, 5*f - 60 = -0*f + 5*q. Let o(z) = z**3 - 7*z**2 - 9*z + 8. Calculate o(f).
0
Let j(p) = -3*p + 2. Suppose -2*z + 3*z = -w + 8, 0 = -3*w + 15. Determine j(z).
-7
Suppose -u + 10 = u. Let o be (3 + 0)*(u + -4). Let q(v) = 0*v**2 - 2*v**2 + 2 - 1 + o*v**2. Calculate q(0).
1
Let g = -29 + 32. Let h(f) be the second derivative of -f**4/12 + f**3 + 3*f**2/2 - 2*f. Determine h(g).
12
Let x(b) be the first derivative of b**4/12 - 5*b**3/6 - b**2 + 4*b - 5. Let a(k) be the first derivative of x(k). Calculate a(4).
-6
Let i = 2 - 0. Let y(q) = -9*q + 6*q + 1 + i*q. Determine y(4).
-3
Let a(w) = 4*w**2 + 1. Let j(d) = -7*d**2 - 3. Let b(y) = 5*a(y) + 2*j(y). Determine b(1).
5
Let u be (-11)/(-9) + 4/(-18). Let l(x) be the second derivative of x - 4/3*x**3 + 0 + 1/2*x**2. What is l(u)?
-7
Suppose -12*f = -8*f + 28. Let q(l) = -l**2 - 6*l + 10. Determine q(f).
3
Let o(x) be the third derivative of x**7/1260 + x**6/240 + x**5/30 + 4*x**2. Let i(y) be the third derivative of o(y). What is i(-4)?
-13
Let u = 2 + -1. Suppose 3*l - 8*l + 20 = 5*p, l + 5*p - 12 = 0. Let h(k) = -1 - k**l + k**2 - k + 3*k**2 + 2*k. Calculate h(u).
3
Let z(a) be the second derivative of a**5/20 + a**4/2 + a**3 + a**2/2 - 17*a. Determine z(-5).
-4
Let q(s) = s + 8. Let f be (-2)/((-12)/(-10) + -1). What is q(f)?
-2
Let i(p) = -3*p + 10. Let b = 33 - 26. Give i(b).
-11
Let a(q) = -2*q - q + 5 - 6. Determine a(2).
-7
Let j(d) = 5*d + 0*d + 2 - 3 + 2 + d**3 - 6*d**2. Calculate j(5).
1
Let s(b) = 5 + 3*b - 4*b - 2. What is s(4)?
-1
Let m(r) = 8*r**2 - 1 + r - 1 + 3. What is m(-1)?
8
Let g(o) = 4*o**3 - 7*o**2 + 10*o - 4. Let m(u) = 7*u**3 - 14*u**2 + 19*u - 8. Let y(p) = 5*g(p) - 3*m(p). What is y(6)?
-2
Suppose l + 19 = -5*u - 2, 4*u + 16 = -l. Let v(a) be the second derivative of a**5/20 - a**4/4 - a**3/2 + a**2 - a. Give v(l).
6
Let o(a) = -170*a - 6 - 173*a + 341*a. Determine o(-5).
4
Let h(n) = n**2 + 6*n + 2. Let i be h(-6). Let r(o) = -3 + 1 - i - o - 3. Calculate r(-5).
-2
Let t(d) = -d**2 - 10*d - 12. Suppose -2*j + 96 = -14*j. Determine t(j).
4
Let i be 3*((-4)/6 - -2). Let h(l) be the first derivative of l**5/60 - 5*l**4/24 - l**3/3 + 3*l**2/2 - 3. Let d(y) be the second derivative of h(y). Give d(i).
-6
Let m = 11 - 13. Let i(k) = k**3 + 7*k**2 + 4*k + 2. Let r(o) = o**2. Let p(u) = i(u) - 4*r(u). Give p(m).
-2
Let c(j) = -50*j**2 + 92*j**2 + 0 - 1 + 4*j - 43*j**2. Determine c(2).
3
Let d(f) = -f**2 - f - 3. Let b(n) = n**3 + 3*n**2 + 4*n + 3. Let a(i) = i**3 - 9*i**2 - 11*i + 8. Let l be a(10). Let h be b(l). Let c = h + 1. Determine d(c).
-3
Let i(k) = -k**3 + k**2 + 16. Let q be i(0). Let u(a) = 15*a + 1 - q*a + 3. Let c be (-16)/(-3) - (-2)/(-6). Calculate u(c).
-1
Let p(h) = 2 - 2*h + 0 - 1 + 7*h. Determine p(-2).
-9
Let w be (27/3)/3 - 9/(-3). Let n(j) be the second derivative of -j**5/20 + 5*j**4/12 + 2*j**3/3 + 5*j**2/2 - j. Calculate n(w).
-7
Let g be ((-4)/(-10))/((-1)/(-10)). Let w(s) = s - 1. Let n be w(5). Let z(h) = 3 - 3*h**2 - 6*h**2 + 0*h**2 + 5*h + h**3 + n*h**2. What is z(g)?
7
Let w(r) = -2*r + 2. Suppose 2*h + 2*h = 12. Let a be h*((-16)/3)/4. What is w(a)?
10
Let h(k) = -k**3 - 7*k**2 + 8*k + 2. Let u be h(-8). Let z(q) = q**3 + q**2 + q. Calculate z(u).
14
Let x(o) = 3*o**2 + 27*o - 5. Let q(m) = -2*m**2 - 18*m + 3. Let k(z) = -8*q(z) - 5*x(z). Give k(-9).
1
Suppose -2*c + 5*k = 9, 3*c - 2 = 4*k + 2. Let u = c + -9. Let f(g) = g**3 - 2*g**2 + 1. Give f(u).
-2
Let p(w) be the second derivative of -w**4/12 - 3*w. Let c(j) = -j**2 - 18*j - 15. Let l be c(-17). Determine p(l).
-4
Let n(l) = l. Let w(h) = h**2 + 2*h + 1. Let r(g) = -2*n(g) - w(g). Calculate r(-5).
-6
Let u(s) be the third derivative of 1/30*s**5 - 1/120*s**6 + 1/4*s**4 + 0*s + 0 - 4*s**2 - 2/3*s**3. Calculate u(4).
-12
Let x(b) = -b**2. Let d = -8 + 9. Let w(g) = g**2 - 2*g - 3. Let j(p) = d*w(p) + 2*x(p). What is j(-3)?
-6
Let u(w) = w**2 - 4*w - 3. Let n be u(4). Suppose -4*o = o - 15. Let b(c) = -3*c**3 - 4*c**3 - 10*c**o + 4 - 2*c**2 + 2*c + 16*c**3. Determine b(n).
7
Let v(j) be the second derivative of -j**5/20 + 5*j**4/6 - 11*j**3/6 + 5*j**2 + 2*j + 9. Determine v(9).
-8
Let p(i) = i**3 + 2*i**2 - i - 1. Let z(l) = l**3 + 3*l**2 - l - 2. Let m(y) = 3*p(y) - 2*z(y). Suppose 0 = 5*d + 5*k + 5, -2*d + 21 = d - 5*k. Calculate m(d).
7
Suppose -5*f + 79 - 14 = 3*c, 0 = -2*f + 2*c + 10. Let i(l) = -l**2 + 9*l. Determine i(f).
-10
Let q(a) be the third derivative of 0*a + 1/60*a**5 - 4*a**2 + 0*a**3 + 0 - 1/120*a**6 - 1/24*a**4. Give q(1).
-1
Let s(h) = 3*h - 5 + h**2 - 3*h - h - h**3 - 7*h**2. Let a be (14 - -1)*4/(-10). What is s(a)?
1
Let k(b) = 4*b. Suppose 7*a = 8 - 1. Give k(a).
4
Let j(u) = 4*u + 19 + 0*u - 5*u - 12. Calculate j(6).
1
Let h be 2 + (-9)/(0 - 3). Let s(q) be the first derivative of q**2/2 - 3*q + 5. Determine s(h).
2
Let y(n) = 3*n**2 - n**3 + 1 + 5*n - 1. Suppose 0 = -2*v - 4*i + 5 + 13, 5*v = -3*i + 38. Let w = -3 + v. Give y(w).
4
Let a = -5 + 10. Let o(s) = -s - 1. Let w(z) = -3*z + 3. Let n(k) = -2*o(k) + w(k). Determine n(a).
0
Let p(n) be the second derivative of -n**4/12 - 13*n**3/6 - 5*n**2 + 67*n. What is p(-10)?
20
Let u(x) be the first derivative of -x**2 - 5*x + 3. Let s(z) = 1. Let b(v) = 4*s(v) - u(v). Determine b(-6).
-3
Let z(w) = w**2 + 3*w + 3. Let r = 6 + -3. What is z(r)?
21
Suppose 4*t = 6 + 6. Let i(q) = q**2 - t + 1 + 5 + 6*q. Suppose 0 = -0*n - 2*n - 8. Give i(n).
-5
Let t(v) = -7*v**2 - 13. Let f(n) = -4*n**2 - 7. Let x(b) = -11*f(b) + 6*t(b). Let j = -1 + 2. Determine x(j).
1
Let s be 2/(-6)*(6 + 3). Let r = -1 - s. Suppose -r*o + 18 = 2*v, -v = -7*o + 2*o + 27. Let l(h) = -h + 4. Calculate l(o).
-2
Let r(l) = -l**2 - 4*l + 4. Let d = -1 + -4. What is r(d)